prime number?
False
Is 1537554961 composite?
True
Is 6263350234 a composite number?
True
Is 1302251623 a composite number?
True
Is 27441917 a composite number?
True
Is 4996190347 composite?
False
Is 990628981 composite?
True
Is 1806031145 prime?
False
Is 317879501 a prime number?
False
Is 38589365603 composite?
False
Is 129148094974 prime?
False
Is 7190222978 composite?
True
Is 7792357819 a composite number?
True
Is 6659738809 prime?
True
Is 122422471 prime?
True
Is 34349189891 a prime number?
True
Is 1183284631 prime?
False
Is 626592121 a composite number?
True
Is 1090302274 composite?
True
Is 1019780999 a composite number?
False
Is 10889397149 a composite number?
False
Is 6258030943 a prime number?
True
Is 160529279671 composite?
False
Is 267265123 prime?
True
Is 40655100601 prime?
True
Is 2387534101 a prime number?
True
Is 1960557439 composite?
True
Is 1101082097 a composite number?
True
Is 61050118 a prime number?
False
Is 715338527 prime?
False
Is 132850521763 composite?
False
Is 1635926993 composite?
False
Is 573469373 composite?
True
Is 464234899 a composite number?
True
Is 6966343513 a composite number?
False
Is 199185527 a composite number?
True
Is 18158583349 a composite number?
True
Is 8417161 prime?
False
Is 2676527533 composite?
False
Is 6029719027 composite?
True
Is 579208363 prime?
True
Is 53224221851 prime?
True
Is 102628458683 a composite number?
True
Is 90578185 prime?
False
Is 116572583 composite?
True
Is 112085287169 composite?
True
Is 6664320367 prime?
False
Is 89090942761 composite?
True
Is 842243593 a composite number?
False
Is 12645612439 a composite number?
False
Is 381151597 composite?
False
Is 2417448251 prime?
True
Is 22588734313 a prime number?
True
Is 619677131 prime?
True
Is 11964734993 composite?
True
Is 4109836153 a prime number?
True
Is 5288151863 a composite number?
False
Is 261326687 a prime number?
True
Is 2368639891 a composite number?
False
Is 122737971221 prime?
True
Is 4876750763 composite?
False
Is 49128383 prime?
True
Is 104353455967 a composite number?
False
Is 3260729911 prime?
False
Is 7018805813 a prime number?
True
Is 45468708749 a composite number?
False
Is 1736165973 a prime number?
False
Is 36549905083 a prime number?
False
Is 10319389907 a prime number?
True
Is 51637907 prime?
False
Is 39619331 a prime number?
True
Is 103844890247 a composite number?
True
Is 1537098841 a composite number?
True
Is 5596258357 a prime number?
True
Is 25532697413 a prime number?
False
Is 20012274137 a composite number?
False
Is 1189810203 composite?
True
Is 1559556983 a composite number?
True
Is 661222369 prime?
False
Is 619843633 a prime number?
True
Is 524871791 a prime number?
False
Is 14207937409 composite?
True
Is 119129008127 a prime number?
False
Is 23007871427 a composite number?
True
Is 400613887 a composite number?
True
Is 1601031557 prime?
True
Is 248164463 prime?
True
Is 9257675347 composite?
False
Is 8983970969 prime?
True
Is 16510657529 composite?
True
Is 9503945467 a composite number?
True
Is 3020070577 prime?
False
Is 4635493103 prime?
True
Is 12808662029 a composite number?
True
Is 35927520797 prime?
False
Is 14233336609 a composite number?
True
Is 27274509569 prime?
True
Is 6811398589 composite?
False
Is 2647705979 a prime number?
True
Is 1157602051 a composite number?
True
Is 102597133519 prime?
True
Is 45888641791 a prime number?
True
Is 78657766709 a prime number?
True
Is 6648631397 a composite number?
True
Is 46870610779 a composite number?
True
Is 13875650309 a composite number?
False
Is 306592679 a prime number?
True
Is 28031184309 prime?
False
Is 289228106279 a composite number?
True
Is 2705018653 composite?
True
Is 8701761241 prime?
True
Is 1446127279 a composite number?
True
Is 33262662515 a prime number?
False
Is 90853927 a prime number?
False
Is 27724385291 a prime number?
True
Is 32505838171 composite?
False
Is 8126567623 prime?
True
Is 5148050071 a prime number?
True
Is 3107361991 a composite number?
False
Is 5432946997 prime?
True
Is 37281334171 composite?
False
Is 58963412726 a prime number?
False
Is 189198071 prime?
True
Is 849475484677 a composite number?
False
Is 62852614571 a composite number?
False
Is 5516211353 a prime number?
False
Is 171944803 a composite number?
True
Is 3197159557 a composite number?
False
Is 580219187 a composite number?
False
Is 181931279 a composite number?
True
Is 2516895753 a composite number?
True
Is 12519134357 composite?
True
Is 107564223167 a composite number?
False
Is 182218979 a composite number?
False
Is 26527797159 prime?
False
Is 1793449743 composite?
True
Is 3276112219 a prime number?
True
Is 446648413 a composite number?
True
Is 6064859573 prime?
True
Is 831813401 prime?
True
Is 48991262311 prime?
True
Is 395300987 a prime number?
True
Is 2868310387 composite?
False
Is 18262519969 prime?
False
Is 299185468955 a composite number?
True
Is 605184101 prime?
False
Is 96829026211 a prime number?
True
Is 69276923 a prime number?
True
Is 11740572247 a prime number?
False
Is 17636401 composite?
True
Is 742820293 composite?
False
Is 50812355569 a prime number?
True
Is 4033453421 a composite number?
False
Is 446639041 a composite number?
True
Is 240304447 prime?
False
Is 194388937 a prime number?
False
Is 2482133629 a composite number?
False
Is 2735243299 prime?
True
Is 37070295953 a composite number?
True
Is 1005800507 a composite number?
False
Is 10075414519 a composite number?
False
Is 1144991311 composite?
True
Is 38898055909 a composite number?
True
Is 1571719249 composite?
False
Is 574484629 a composite number?
False
Is 2228260919 a composite number?
False
Is 1020926581 prime?
True
Is 247655857 composite?
False
Is 2065288217 a prime number?
False
Is 87949219 a prime number?
False
Is 697080467 a prime number?
True
Is 144387043819 a prime number?
False
Is 1663459051 composite?
True
Is 1313310281 composite?
True
Is 31721911955 a prime number?
False
Is 819221783 a composite number?
True
Is 947099599 a prime number?
True
Is 6731237603 prime?
True
Is 2677204027 a prime number?
False
Is 2643948413 a prime number?
True
Is 10312703 a prime number?
False
Is 5366641841 composite?
True
Is 34955741521 prime?
True
Is 9094846721 composite?
True
Is 55977152873 composite?
False
Is 699052297 a composite number?
True
Is 52403597 a prime number?
True
Is 1524863317 a composite number?
False
Is 2050082737 prime?
False
Is 10874883469 composite?
True
Is 1814820413 a prime number?
False
Is 17549343659 composite?
False
Is 1526761993 a composite number?
True
Is 2216507707 a composite number?
False
Is 2752583566 a prime number?
False
Is 138003997 a prime number?
False
Is 10945991117 a prime number?
True
Is 7474730671 composite?
False
Is 23615069 composite?
False
Is 40683859031 prime?
False
Is 1155839059 prime?
False
Is 71538637813 composite?
True
Is 380141921 prime?
False
Is 3226232003 prime?
False
Is 7127291767 composite?
False
Is 6653673997 composite?
False
Is 611572193 a prime number?
True
Is 1399865783 a composite number?
True
Is 27930990847 composite?
True
Is 79311971383 prime?
False
Is 14395708637 prime?
False
Is 381320413 a prime number?
False
Is 8959253587 a composite number?
True
Is 1023030863 prime?
False
Is 5194765007 prime?
False
Is 12095620363 composite?
False
Is 5231543687 composite?
False
Is 570941993 composite?
False
Is 7636684433 prime?
False
Is 2126696017 a composite number?
True
Is 800007129731 a prime number?
True
Is 174961389199 a prime number?
False
Is 424786541 a composite number?
False
Is 153996041 prime?
False
Is 55879783 prime?
False
Is 1583977489 prime?
False
Is 206564947 prime?
True
Is 38910300647 composite?
False
Is 6626941 composite?
False
Is 3641015269 a composite number?
False
Is 463558519 prime?
False
Is 34174802681 a prime number?
False
Is 2792600413 a composite number?
False
Is 8647100129 prime?
True
Is 54265871911 a composite number?
False
Is 525657709 a composite number?
True
Is 151732037 prime?
True
Is 342381097 prime?
True
Is 25092946459 composite?
True
Is 3435447991 prime?
True
Is 225769829 prime?
False
Is 68937327023 composite?
False
Is 608407291 composite?
False
Is 354131761 composite?
False
Is 5090919829 prime?
False
Is 12621020323 a prime number?
True
Is 81424067471 prime?
True
Is 802423099 prime?
False
Is 147076949 a prime